 + 1566. Suppose j - x - 182 = 0, 2*j - x - q = -0*j. Is j a prime number?
True
Suppose 0 = -0*y - 12*y + 84. Suppose -y*p = -10*p + 11283. Is p a prime number?
True
Let a(p) = p**3 + 12*p**2 - 2*p - 21. Let h be a(-12). Suppose 11*n = 3*r + 6*n - 38, h*r = 4*n + 34. Suppose -v + 4931 = 4*o, -2*o - r = o. Is v composite?
True
Suppose -s + 60 = 2*q, -3*q - 105 = -3*s + 30. Let l be (-40)/s + (-1488)/(-10). Suppose 13*y = 9*y + l. Is y composite?
False
Let d be ((-57)/95)/(1/(-20)). Suppose d*t - 5*t = 15085. Is t prime?
False
Suppose 3*g - l = 101, -5*l = -0*l + 25. Suppose g = 15*m - 11*m. Suppose -1283 + 4491 = m*y. Is y prime?
True
Let t be (-201)/(-21) - (-20)/(-35). Suppose -12*l = -15*l + t. Suppose 2*z - 12278 = -5*x + l*x, -5*z = -x + 6163. Is x composite?
False
Suppose -3*l = -11 - 31. Let b(g) = -g + 14. Let t be b(l). Is (-178 - t)/((-4)/34) a prime number?
False
Suppose 9289 = m - 8*m. Let v = -397 - m. Suppose d = 5, 3*q + q - 2*d - v = 0. Is q a composite number?
True
Is -2 + (-5 - -2) - (-7 - -7) - -104826 prime?
False
Let t(q) = q**3 - 14*q**2 - 16*q + 17. Let p be t(15). Let o be (-1)/(9/p) - (-16)/(-9). Is (4 + o - 3)/1 - -1152 a prime number?
True
Let a = -53 + 131. Let o be a - (-8)/(40/(-15)). Suppose o + 313 = 4*h. Is h composite?
False
Let x = -5276 + 8066. Suppose -8*p - 854 = -x. Suppose 4*m + p = z, 3*z + 2*m - 801 = -m. Is z a composite number?
True
Suppose -4*p = 4*n + 24, 3*p - 3*n = 4*p + 10. Is 0 - (2 + p) - -2051 a composite number?
False
Let h be ((-44)/(-20) + 0 + -1)*-85. Let a = h + 102. Is (a - 505)*1/(-1) composite?
True
Suppose 4 = 3*k - x, 4*k - 2*x - 8 = 3*k. Suppose f + 0*f + 3*p = 1286, 2588 = 2*f - 2*p. Suppose 3*m - 1171 - f = k. Is m a prime number?
True
Let i(f) = -2*f**3 - 3*f**2 - 2*f - 8. Let p be i(-10). Suppose w = -w + 3*b + 1697, -2*b = 2*w - p. Is w a prime number?
True
Let s(w) be the third derivative of 291*w**6/10 + w**5/60 - w**4/8 + w**3/6 - 110*w**2. Is s(1) a prime number?
True
Let c(v) = -4*v + 76. Let g be c(19). Let z(t) = -9*t + 475. Let p be z(g). Let f = 828 - p. Is f composite?
False
Let f(u) be the second derivative of 7*u**4/2 + 10*u**3/3 - 35*u**2/2 + u + 31. Is f(6) a composite number?
False
Let m = 259 + -5. Suppose -3*n - 5*t + 138 = 0, -n + t = -0*n - 38. Let l = n + m. Is l composite?
True
Let j = 2902896 + 774563. Is j prime?
True
Let d(f) = 9*f**2 - 5*f + 3. Let y be (-695)/(-35) - 1/(-7). Suppose 9*w - 5*w + y = 0. Is d(w) a prime number?
False
Let g = 190184 + -90753. Is g prime?
True
Suppose 4*r = -3*w + 87704 + 144100, 5*r + w = 289766. Suppose -r + 8175 = -9*t. Is t prime?
True
Suppose -37*w + 110*w = 45*w + 532028. Is w a prime number?
True
Let o(m) = 11*m**2 + 49 + 9*m - 28*m - 6*m - 9*m**2. Suppose 2*i + 22 = i. Is o(i) prime?
True
Let z(w) = -52*w + 31. Let b be z(-14). Let m = b - 428. Is m a prime number?
True
Suppose 203*l - 206*l = -37491. Is l composite?
False
Suppose 5 = b + 3. Let t be (2/4)/(3/(-2) + b). Is 1893 - (-3)/t - 1 a composite number?
True
Suppose -10 = -6*r - 4. Let q be r/((3/9276)/((-13)/(-4))). Let t = q - 2806. Is t a prime number?
True
Suppose -2*y + 3*c = 5*c - 256152, 2*y = -3*c + 256157. Is y prime?
False
Let u be 4/(-30) + ((-14560)/75)/(-16). Suppose 28439 = u*n + 7535. Let k = n - 1069. Is k composite?
False
Suppose -21 + 14 = 7*n. Is (-3 - (-9 + 23))/(n/29) prime?
False
Suppose 0 = 9*q - 113843 - 248866. Is q prime?
False
Let v(i) = 4478*i**3 + i**2 - 4*i + 11. Is v(2) prime?
True
Is 0 + 49144/8 - -14 a prime number?
False
Let l(a) = a**2 - 29*a - 31. Let c be l(30). Let o(r) = 4751*r**2 + 15*r + 15. Is o(c) a composite number?
False
Is 236981*(2*9*3/(-18) - -4) a prime number?
True
Let l be 12/48 + (-46)/(-8). Suppose -c = -q + 40, -3*q - 2*c + l*c = -125. Is 7420/q*1/4 a composite number?
False
Let l = 113206 + 41233. Is l a prime number?
True
Let t = -10984 + 21647. Is t composite?
False
Let x(a) = 546*a**2 + 165*a + 84. Is x(27) a composite number?
True
Let q(m) = 2*m**2 + 33*m + 47. Let p be q(-15). Suppose -p*g - 33*g = -287105. Is g a prime number?
False
Suppose -5*g - 3*a - 157 = 0, 2*g + 15*a = 13*a - 66. Let b = g + 240. Is b composite?
False
Suppose 0*i + 4*q = i + 13, -q = -5*i - 27. Let u be ((-4180)/(-66))/((5/(-18))/i). Let l = u + -553. Is l a composite number?
False
Let y be ((-418)/7 - -3) + (-4)/14. Is 19/y*(5793/(-1) + 0) prime?
True
Suppose 6*c - 8*c + 4 = 0. Suppose -c*z - 2*o = -3688, z - 602 = o + 1248. Is z composite?
False
Let f = -15505 - -27848. Is f a prime number?
True
Let h be 7/(3 + 8/(-3)). Let k = h + -21. Suppose o - 1 + k = 0, -3*d = -3*o - 666. Is d prime?
True
Let o be 16/2*37424/64. Suppose -3*m + 7*m + o = 5*h, 4*h - m = 3749. Suppose t + t = h. Is t composite?
True
Suppose 1 = -2*w + m, -3*w = -3*m - 0*m + 3. Suppose -v - 3*v + 54640 = w. Suppose -3*k = 5*l - 0*l - v, 13650 = 5*l + 5*k. Is l composite?
True
Let o = 1067 + -729. Suppose -2016 = -2*r - o. Is r composite?
False
Let d(v) = -1138*v + 32. Let u(a) = -380*a + 11. Let m(w) = 6*d(w) - 17*u(w). Let y be 1 + -1 + 0 + -1. Is m(y) a composite number?
False
Let v = -781411 + 1336892. Is v prime?
False
Let j(w) = -5072*w - 27. Let c be j(-5). Let q = c - 13470. Is q prime?
True
Suppose -14 = 2*t, -20*l + 510074 = -17*l - 5*t. Is l prime?
False
Let v(j) = 21*j - 145. Let w be v(8). Suppose 5*o + w*o = 68236. Is o a prime number?
True
Suppose 0 = a + 10*x - 5*x - 13, 4*a + 4*x = 36. Suppose -9*t + 223 = -a*t. Is t prime?
True
Let x(v) = 6*v - 52. Let h be x(12). Suppose -h = -5*o, -k + 5*o + 0 = 26. Is 1499/2*(-3)/(9/k) a composite number?
False
Let v = -3066 - -7012. Let f = 7245 - v. Is f a composite number?
False
Let l(u) = -2*u - 2*u**3 + 4*u**2 + 3*u**3 + 117 - 119. Let n be l(-2). Is ((-14)/n - -2)*(-12 + 2057) prime?
False
Suppose -2*s - 5*t = -3679, -14*s + 4*s = -t - 18473. Is s prime?
True
Suppose 304*b - 381*b = -24630991. Is b a prime number?
True
Let x = 1830 + -2886. Let l = 3955 + x. Is l prime?
False
Suppose -2028432 = -87*t + 2*t + 346553. Is t prime?
True
Let u(f) = f**3 + 3*f**2 - 5*f + 3. Let s be u(1). Let q = 2 + s. Is 1397 + q + (-1 + 1 - 2) prime?
True
Let u(r) = 149*r**2 + 209*r + 49. Is u(43) prime?
False
Let z(c) = -3*c - 12. Let n be z(-4). Let i be ((1 - 0)*0 - 0) + n. Suppose -4*q + 20 = i, a + 5*q = 3*a - 1509. Is a a prime number?
False
Let k(t) = 152*t**2 + 48*t - 553. Is k(29) a composite number?
True
Suppose 3*a - 5 - 7 = -q, 0 = -4*q. Suppose -3*w = -a*n - 9586, w + 3190 = 2*w + 4*n. Is w prime?
False
Suppose 19*m - 6802 = 8949. Let n = m + -336. Is n prime?
False
Let z = 70507 - 15818. Is z a prime number?
False
Let h(x) = 229*x**2 + 7*x + 169. Is h(20) prime?
True
Let n(t) = 40820*t**2 + 29*t + 1. Is n(-2) a composite number?
False
Let l = -1415 - -2629. Let o be (0 - 2/(-4))*-1502. Let n = o + l. Is n a prime number?
True
Suppose -331*s = -303*s - 1028468. Is s prime?
False
Let o = -23 + 24. Let m(x) = 4*x**3 + x - 1. Let h be m(o). Suppose 0 = -q - 0*q - d + 798, -h*d = q - 795. Is q prime?
False
Suppose 2*n - 6 = 0, 2*r + 16 = 3*r + 4*n. Suppose -3*f - 2550 = -h, -4*f - 1258 = -r*h + 8966. Is h a prime number?
False
Let q = -5469 - -9116. Is q prime?
False
Suppose -16*o + 18*o + 5*j - 147426 = 0, -5*o - 4*j = -368531. Is o a composite number?
True
Let w = 499609 - 149087. Is w a prime number?
False
Let v = 21983 - 6822. Is v composite?
False
Is (38607889/177)/((-3)/(-9)) prime?
True
Let v be ((-72)/108)/(2 + 444472/(-222234)). Suppose 37019 = -2*l + 5*l - 2*z, 2*z - v = -3*l. Is l a composite number?
False
Suppose 0 = 14*a - 13*a - s - 2718, 13590 = 5*a - 4*s. Suppose -2506 - a = -8*i. Is i composite?
False
Suppose -1065 = -5*u - 2*q, 0*u + 4*q = u - 191. Suppose -2*c = -4*f + 214, 0 = -4*f - 0*c - c + u. Is 0 - 4 - (0 - f) a prime number?
False
Suppose -9*x - 44 = -296. Is (-7)/(x/(-6))*(-668)/(-6) composite?
False
Suppose -a = -4*o + 161 - 701, 2122 = 4*a + 3*o. Let d = a + -225. Is d composite?
False
Let n(f) = -194*f**3 + 5*f**2 + 2*f - 1. Let g be n(2). Let q = g + 5057. Suppose q + 7360 = 8*h. Is h prime?
True
Suppose 3*t + 13500 = 2*b, -2*t + 6763 = b + 3*t. Suppose 0 = 15*s - 12*s - b. Is s prime?
True
Let f(t) = 4377*t**3 + t**2 + 2*t + 1. Let q be f(-1). Let v be (-2)/(-16) + q/8. L